72?
18
Suppose -3*h + 0*s - 273 = -3*s, -5*h = s + 467. Let l = -73 - h. Calculate the greatest common factor of 110 and l.
10
Let a = 8 - -28. Let h(w) = -932 + 2*w + 946 - w. Let r be h(-5). Calculate the greatest common factor of r and a.
9
Let j(w) = -11*w - 410. Let k be j(-38). Calculate the highest common factor of k and 648.
8
Let z be (-3)/(-2)*16/(-24). Let q = 5 - z. Let m be ((-2)/q)/(2/(-414)). What is the greatest common factor of 23 and m?
23
Suppose -5*b - 27 - 54 = -3*v, 5*b = 15. Suppose z - 5*o + v = 2*z, 3*z + 3*o - 48 = 0. Calculate the highest common factor of z and 84.
12
Let k(p) = -p**2 - p + 2. Let c be k(2). Let y = 12 + c. What is the highest common divisor of 40 and y?
8
Suppose -4*t - 21 - 20 = -5*f, 5*f - 2*t = 43. Suppose -4*c + f*c = 0. Suppose c = -r - 0*r + 60. What is the greatest common divisor of r and 15?
15
Let u = 43 + -40. Suppose 0 = -11*a + 8 + u. Calculate the greatest common factor of a and 3.
1
Suppose k = -4, 5*p - 38 + 9 = -4*k. Let t(m) = m**3 + m**2 - 12*m. Let a be t(5). Calculate the highest common factor of a and p.
9
Suppose 2*y = -3*j + 17 - 2, 0 = 2*y + 2*j - 16. What is the highest common divisor of 504 and y?
9
Let t be 41*1 - 5/(-5). Let l = 146 - t. Let f be 1*13/(-1)*-1. Calculate the greatest common divisor of l and f.
13
Let g be (-3)/7 + (-236)/(-28). Suppose 0 = -l - l + g. Calculate the greatest common factor of 12 and l.
4
Suppose 0 = -29*g + 27*g. Suppose -4*u + 5*q = -0*u + 9, 3*u - q - 7 = g. Calculate the highest common factor of u and 36.
4
Suppose 5*h - 2*t + t - 665 = 0, 266 = 2*h + 5*t. Calculate the greatest common divisor of h and 38.
19
Let f(r) = -r**3 - 16*r**2 - 3*r - 29. Let w be 1 - 34/4*(-1 + 3). Let a be f(w). Calculate the greatest common divisor of 19 and a.
19
Let j(i) = i**3 - 12*i**2 + 12*i - 1. Let h be j(11). What is the greatest common factor of 160 and h?
10
Let j = 30 + -46. Let s be (-6)/4 + (-120)/j. Calculate the greatest common factor of 54 and s.
6
Let o(c) = c**2 - 88*c + 1861. Let b be o(55). Let m be 368 - (2 - (-2)/(-1)). Calculate the highest common divisor of b and m.
46
Suppose 2*o = -0*o. Suppose o = -4*r + 89 + 7. What is the greatest common factor of r and 48?
24
Suppose j - 2 = 0, 0 = 4*t + 2*j - 4*j - 4. Suppose t*w - 6*w = -36. What is the greatest common factor of 99 and w?
9
Let q(r) = -r**3 + 5*r**2 + 8*r - 8. Let y be q(5). Calculate the greatest common divisor of y and 16.
16
Let i be 440/15 - 2/(-3). Let x be (-39)/(-12) + 1/(-4). Suppose 5*b - 4*y - 130 = 0, 7*y - 50 = -b + x*y. What is the greatest common factor of i and b?
30
Let f(y) = -14*y - 79. Let b(i) = -5*i - 27. Let k(o) = 11*b(o) - 4*f(o). Let a be k(-14). Calculate the greatest common divisor of 5 and a.
5
Let m(i) = -3*i - 14. Let l be m(-12). Let r(k) = -4*k + 35*k + 10*k - 7. Let d be r(5). What is the highest common factor of d and l?
22
Let c = -87 - -52. Let m = -20 - c. What is the greatest common factor of m and 255?
15
Let r be 9/15 + -2 + 8074/10. Calculate the greatest common factor of r and 62.
62
Let j be 9*((-265)/45 - -7). Calculate the greatest common divisor of 25 and j.
5
Suppose -3*s + 26 + 16 = 0. Let x(h) = 6 + 3*h**3 + 8 - 4*h**3. Let p be x(0). What is the greatest common divisor of p and s?
14
Suppose 21*x - 39*x = -846. What is the highest common divisor of 705 and x?
47
Suppose -5*p = -2*q + 22, 0*p + p + q = -3. Let o = 16 - p. Let a = o - 5. Calculate the highest common factor of 10 and a.
5
Let y = 280 + -260. Calculate the greatest common factor of 980 and y.
20
Let q = -22 + 34. Let x = -15 + 27. Calculate the greatest common factor of x and q.
12
Let l(m) = 10*m - 107. Let y be l(24). What is the greatest common factor of 28 and y?
7
Let n be (186/10)/((-1)/(-5)). Suppose n = 5*d - g, -2*d = -7*d - g + 87. Suppose 3*y + q - 247 = y, -q + 121 = y. What is the highest common factor of y and d?
18
Let p = -4 - 0. Suppose 95 = -3*r - r + w, 21 = -r + 3*w. Let d be p/r + 118/12. Calculate the highest common factor of 50 and d.
10
Let d(r) = -r**3 + 2*r**2 - r - 2. Let q be d(-2). Suppose q = x + x. Let k = 1037 + -1013. Calculate the greatest common factor of k and x.
8
Let h(m) = -m**3 + 11*m**2 - 10*m + 7. Let t be h(10). Suppose -132 = -t*q - 4*q. What is the highest common divisor of q and 60?
12
Let u(k) = k - 12. Let h be u(19). Calculate the highest common divisor of 28 and h.
7
Let u(n) = -n**3 - 17*n**2 - 17*n - 14. Let x be u(-16). Let g be 6*x + 0/(-7). What is the highest common divisor of g and 120?
12
Let b = -184 - -415. Suppose -9 - 47 = -7*j. Let g = j - -13. What is the highest common divisor of b and g?
21
Let u = 32 + -18. Suppose 0 = -q - t + u, 0*q - 4*q + 4*t + 88 = 0. Calculate the highest common factor of 12 and q.
6
Let d be 28*((-6)/16 + (-63)/(-56)). Suppose -7 = -0*c - c. What is the highest common divisor of c and d?
7
Let o be 3/3 - (-4 + 147/(-3)). What is the greatest common factor of 135 and o?
27
Let u = -1197 - -1235. Calculate the highest common divisor of 342 and u.
38
Let j = -355 - -360. Calculate the highest common factor of 90 and j.
5
Suppose -3*o + 401 = 4*s, -4*o + 592 - 508 = s. Let z(u) = -u**3 - 7*u**2 - 8*u - 4. Let k be z(-6). What is the highest common divisor of s and k?
8
Let d be (-62 - 10)*2/(-4). Let y = 57 - d. What is the greatest common factor of 105 and y?
21
Suppose 4*m = -s + 19, 0 = -m - 2*m + 5*s - 3. Suppose 3*w + 2*r = 214, w - 11 - 37 = m*r. What is the highest common divisor of 17 and w?
17
Suppose 0 = -q - 54 + 72. Suppose 0 = -2*s - 3*b + 44, -5*s + q = b - 66. Let v = 85 + -61. What is the greatest common divisor of v and s?
8
Suppose 4*s - 94 = -450. Let a = s + 133. What is the greatest common divisor of 11 and a?
11
Let w be -1*(-3 - -6) - 91. Let q be w/(-8) - 2/(-8). What is the highest common divisor of 48 and q?
12
Let a(h) = h**3 + 3*h**2 - 2*h - 1. Let r be a(1). Calculate the highest common divisor of 37 and r.
1
Suppose 4*t + r - 35 = 3*t, 46 = 2*t - 4*r. Let n be t - (2 + -5)/3. Calculate the highest common factor of 4 and n.
4
Let m(h) = -5*h + 29. Let o be m(7). Let j be (-15*3/o)/((-6)/(-8)). What is the highest common divisor of 10 and j?
10
Let u be 0/(4/2 + -3). Suppose u = 3*n - 5*i - 68, 0 = -n - 4*i - 0*i. What is the highest common divisor of n and 144?
16
Let r(g) = g**3 - 19*g**2 - 22*g + 64. Let h be r(20). What is the highest common divisor of 1200 and h?
24
Let i be (2/4)/(2/(-16)). Let q be 14/(-49) - i/14. Let b = 7 - q. What is the highest common factor of 35 and b?
7
Suppose -3*t = -3*s + 2*t + 245, -4*s + 3*t + 334 = 0. Calculate the highest common factor of s and 5.
5
Let r be (-1)/3 - (-271)/3. Suppose 0*f = 2*f + 104. Let w = 62 + f. What is the greatest common factor of r and w?
10
Suppose 4*v + 3*w = 93, 2*w + 41 = 5*v - 58. Suppose 0 = 3*h + 5*f - v, -3*h - 3*f = -7 - 20. Calculate the highest common factor of 30 and h.
6
Let q be ((-1)/(-3))/(4 - (-2780)/(-696)). Let v = -41 + q. What is the greatest common divisor of v and 17?
17
Let t = -422 - -452. Calculate the highest common factor of t and 45.
15
Suppose -4*n + 6*n = 104. Let d = -186 - n. Let a = d - -353. What is the highest common divisor of a and 23?
23
Suppose 0*u - 4*u = -160. Suppose -5*p = -2*t - 19, -4*t + 5 = -7. What is the greatest common divisor of p and u?
5
Let h = -69 + 72. Suppose -3*d = 0, 2*d = h*g - 30 - 63. Calculate the greatest common divisor of 279 and g.
31
Let j be -1 - -2 - ((-10 - 4) + -6). Suppose -5*u + 6*u - 21 = 0. Calculate the greatest common divisor of u and j.
21
Suppose 0 = 2*t + z - 41, 5*t - 111 + 1 = -4*z. Let j be -58 + 63 - (-83 + -2). What is the greatest common factor of j and t?
18
Let q = 385 + -275. Calculate the greatest common factor of q and 22.
22
Let c = -6 - -6. Let m be (c + 1)*120/4. Suppose 4*x = 9*x - m. Calculate the highest common factor of 3 and x.
3
Let s(o) be the third derivative of -o**4/24 - 4*o**3/3 + 7*o**2. Let v be s(-8). Let a be -2 - 1 - (v + -87). What is the highest common factor of 12 and a?
12
Let g = -399 - -150. Let n = -137 - g. What is the highest common factor of n and 56?
56
Suppose 2*x - 4*x + 4*q = -18, 15 = -3*q. Let j be 6/(0 - x) - 4. Let t(r) = r**2 + 2. Let g be t(j). Calculate the